{"id":23,"date":"2014-05-16T15:03:15","date_gmt":"2014-05-16T13:03:15","guid":{"rendered":"http:\/\/hoffmannsound.de\/?page_id=23"},"modified":"2025-06-11T18:07:09","modified_gmt":"2025-06-11T16:07:09","slug":"zur-person","status":"publish","type":"page","link":"https:\/\/hoffmannsound.de\/?page_id=23","title":{"rendered":"Zur Person"},"content":{"rendered":"<p style=\"text-align: justify;\"><img loading=\"lazy\" decoding=\"async\" class=\"aligncenter wp-image-104 size-large\" src=\"https:\/\/hoffmannsound.de\/wp-content\/uploads\/2014\/05\/LGC1-schmal-1024x500.jpg\" alt=\"LGC1 schmal\" width=\"474\" height=\"231\" srcset=\"https:\/\/hoffmannsound.de\/wp-content\/uploads\/2014\/05\/LGC1-schmal-1024x500.jpg 1024w, https:\/\/hoffmannsound.de\/wp-content\/uploads\/2014\/05\/LGC1-schmal-300x146.jpg 300w, https:\/\/hoffmannsound.de\/wp-content\/uploads\/2014\/05\/LGC1-schmal.jpg 1920w\" sizes=\"auto, (max-width: 474px) 100vw, 474px\" \/><br \/>\n&#8222;Seit fr\u00fchester Kindheit \u00fcben Dinge denen ich Kl\u00e4nge entlocken kann, eine magische Anziehungskraft auf mich aus.<br \/>\nSo wie ich diese Klangerzeuger erforschte, zerlegte und modifizierte, verfuhr ich sp\u00e4ter auch mit den Kl\u00e4ngen selbst. Stets auf der Suche nach besonderen auditiven Erfahrungen.<\/p>\n<p style=\"text-align: justify;\">Im Alter von 8 Jahren begann ich die Welt der elektronischen Popular-Musik zu entdecken. Diese neuen und unerh\u00f6rten Kl\u00e4nge waren eine Offenbarung f\u00fcr mich. Stundenlang tauchte ich in diese neuen Welten und die sich ergebenden Bilder ein. Der Wunsch selbst solche Musik erschaffen zu k\u00f6nnen, wuchs von Tag zu Tag.<\/p>\n<p style=\"text-align: justify;\">Im Jahre 1983 wurde der Traum in Gestalt meines ersten Synthesizers wahr. Mit den Jahren kamen weitere Instrumente und Ger\u00e4te hinzu und komplettierten mein Studio und meine Live-Setups.<\/p>\n<p style=\"text-align: justify;\">1998 stie\u00df ich dann beim St\u00f6bern in einem belgischen Antik-M\u00f6belgesch\u00e4ft auf ein wundersch\u00f6nes altes Klavier, das den Weg in\u00a0mein Herz und dann auch in unsere Wohnung fand. Dieses Ding hatte weder ein Interface noch eine Programmierm\u00f6glichkeit und so erschloss sich mir neben der Welt der Kl\u00e4nge auch mehr und mehr die Welt der Harmonien und der Improvisation.<\/p>\n<p>\u00dcber die Jahre habe ich verschiedene Projekte verwirklicht bzw. unterst\u00fctzt. Ich habe 2006 und 2008 in Aachen ein mehrt\u00e4giges Festival f\u00fcr improvisierte Musik und bildende Kunst veranstaltet. Dieses &#8222;nun-Projekt&#8220; fand in einer ehemaligen Kirche (Aula Carolina) statt und war als Ort der Begegnung konzipiert. Dort wurde f\u00fcr mich der Grundstein f\u00fcr viele weitere Projekte und die Zusammenarbeit mit unterschiedlichsten Musikern bzw. K\u00fcnstlern gelegt.<\/p>\n<p>Ich liebe die Vielfalt der klanglichen Quellen; die Dynamik und Ausdruckskraft des Fl\u00fcgels, das erdverbundene Gef\u00fchl beim Trommeln und den endlos gro\u00dfen Kosmos an Kl\u00e4ngen aus elektronischen Instrumenten.<\/p>\n<p>Meine verschiedensten Interessen und F\u00e4higkeiten konnte ich in folgenden Bereichen einsetzen:<br \/>\nTheatermusik \/ Musik f\u00fcr Tanzperformances \/ Musik und Poesie \/ <a href=\"https:\/\/www.lifeworks-akademie.de\/point\/\" target=\"_blank\" rel=\"noopener noreferrer\">Musik f\u00fcr Seminare<\/a> \/ Hauskonzerte \/ Meditationsmusik \/ Perkussion zu DJ-Beats.<\/p>\n<p>Mit der Ecstatic Groove Connection bekommt meine Lust am Tanz und meine Liebe zum Rhythmus einen Raum. Dort liefere ich gemeinsam mit dem Perkussionisten Veu de Bahia die Grooves zu den Beats meiner Sets! Ein Raum f\u00fcr Groove und Extase&#8230;<\/p>\n<p>Als DJ &#8211; &#8222;The Beatkeeper aka &#8222;Der Mann mit der Trommel&#8220;\u00a0 verkn\u00fcpfe ich die Elektro- und Housegrooves mit den Rhythmen der Djembe.<\/p>\n<p>Thomas Hoffmann<\/p>\n<style type=\"text\/css\">.easingslider-905 { max-width: 1920px; }.easingslider-905 .easingslider-image { max-height: 1080px; max-width: 1920px; }.easingslider-905 .easingslider-fade-in, .easingslider-fade-out { -webkit-animation-duration: 1000ms; -moz-animation-duration: 1000ms; animation-duration: 1000ms; }<\/style><script type=\"text\/javascript\">window.EasingSlider905 = {\"width\":1920,\"height\":1080,\"singleItem\":true,\"items\":1,\"itemsDesktop\":false,\"itemsDesktopSmall\":false,\"itemsTablet\":false,\"itemsTabletSmall\":false,\"itemsMobile\":false,\"responsive\":true,\"lazyLoad\":true,\"autoPlay\":40000,\"slideSpeed\":1000,\"navigation\":true,\"navigationText\":[\"\",\"\"],\"pagination\":true,\"autoHeight\":false,\"mouseDrag\":false,\"touchDrag\":false,\"addClassActive\":true,\"transitionStyle\":\"fade\"};<\/script><div data-id=\"905\" class=\"easingslider easingslider-905 easingslider-container easingslider-resizing-enabled easingslider-aspect-ratio easingslider-arrows-inside easingslider-pagination-inside easingslider-pagination-bottom-center\"><div class=\"easingslider-slide\"><img decoding=\"async\" src=\"https:\/\/hoffmannsound.de\/wp-content\/plugins\/easing-slider\/assets\/images\/placeholder-pixel.png\" data-src=\"https:\/\/hoffmannsound.de\/wp-content\/uploads\/2014\/05\/Thomas-Hauskonzert-1920x1080.jpg\" alt=\"\" title=\"Thomas Hauskonzert\" class=\"easingslider-image easingslider-lazy\" \/><\/div><div class=\"easingslider-slide\"><img decoding=\"async\" src=\"https:\/\/hoffmannsound.de\/wp-content\/plugins\/easing-slider\/assets\/images\/placeholder-pixel.png\" data-src=\"https:\/\/hoffmannsound.de\/wp-content\/uploads\/2014\/05\/H2O_DSC01175-1920x1080.jpg\" alt=\"\" title=\"H2O_DSC01175\" class=\"easingslider-image easingslider-lazy\" \/><\/div><div class=\"easingslider-slide\"><img decoding=\"async\" src=\"https:\/\/hoffmannsound.de\/wp-content\/plugins\/easing-slider\/assets\/images\/placeholder-pixel.png\" data-src=\"https:\/\/hoffmannsound.de\/wp-content\/uploads\/2014\/06\/IMG_5619-1920x1080.jpg\" alt=\"\" title=\"IMG_5619\" class=\"easingslider-image easingslider-lazy\" \/><\/div><\/div>\n","protected":false},"excerpt":{"rendered":"<p>&#8222;Seit fr\u00fchester Kindheit \u00fcben Dinge denen ich Kl\u00e4nge entlocken kann, eine magische Anziehungskraft auf mich aus. So wie ich diese Klangerzeuger erforschte, zerlegte und modifizierte, verfuhr ich sp\u00e4ter auch mit den Kl\u00e4ngen selbst. Stets auf der Suche nach besonderen auditiven Erfahrungen. Im Alter von 8 Jahren begann ich die Welt der elektronischen Popular-Musik zu entdecken. &hellip; <a href=\"https:\/\/hoffmannsound.de\/?page_id=23\" class=\"more-link\"><span class=\"screen-reader-text\">Zur Person<\/span> weiterlesen <span class=\"meta-nav\">&rarr;<\/span><\/a><\/p>\n","protected":false},"author":1,"featured_media":0,"parent":0,"menu_order":2,"comment_status":"closed","ping_status":"closed","template":"","meta":{"footnotes":""},"class_list":["post-23","page","type-page","status-publish","hentry"],"_links":{"self":[{"href":"https:\/\/hoffmannsound.de\/index.php?rest_route=\/wp\/v2\/pages\/23","targetHints":{"allow":["GET"]}}],"collection":[{"href":"https:\/\/hoffmannsound.de\/index.php?rest_route=\/wp\/v2\/pages"}],"about":[{"href":"https:\/\/hoffmannsound.de\/index.php?rest_route=\/wp\/v2\/types\/page"}],"author":[{"embeddable":true,"href":"https:\/\/hoffmannsound.de\/index.php?rest_route=\/wp\/v2\/users\/1"}],"replies":[{"embeddable":true,"href":"https:\/\/hoffmannsound.de\/index.php?rest_route=%2Fwp%2Fv2%2Fcomments&post=23"}],"version-history":[{"count":35,"href":"https:\/\/hoffmannsound.de\/index.php?rest_route=\/wp\/v2\/pages\/23\/revisions"}],"predecessor-version":[{"id":1293,"href":"https:\/\/hoffmannsound.de\/index.php?rest_route=\/wp\/v2\/pages\/23\/revisions\/1293"}],"wp:attachment":[{"href":"https:\/\/hoffmannsound.de\/index.php?rest_route=%2Fwp%2Fv2%2Fmedia&parent=23"}],"curies":[{"name":"wp","href":"https:\/\/api.w.org\/{rel}","templated":true}]}}